*y + 5. Let w be q(-6). Give l(w).
5
Let w(j) = 3*j + 1 + 2*j - 4*j + 7*j. Suppose 34 = 2*c - 3*u, 4*c + u + 0*u - 54 = 0. Suppose -2*o - 5*s + 18 = 0, 4*o = 3*s - c - 2. What is w(o)?
-7
Let g = -12 + 15. Let o(q) = -4*q**2 + 8*q. Let v(y) = y**2 - y + 1. Let p(m) = g*v(m) + o(m). Give p(5).
3
Let c(n) be the second derivative of 3/2*n**2 - 2/3*n**3 - 1/20*n**5 - 3*n + 0 + 5/12*n**4. Determine c(2).
7
Suppose -4*u + 15 = -u. Let p(m) = -6*m**3 + 6*m**2 - 3*m + 4. Let d(w) = 5*w**3 - 6*w**2 + 3*w - 3. Let z(n) = 5*d(n) + 4*p(n). Determine z(u).
-9
Let k(h) = -6*h**2 + 4 - 3*h - h - 2*h + 7*h**2. Determine k(5).
-1
Let x(v) = 2*v + 1 + 0*v**2 - v - 9*v**2 + 0*v. Let m(i) = -i**2 + 3*i. Let q be m(3). Suppose -4*g + 9*g + 5 = q. Calculate x(g).
-9
Let o(u) = 2*u**2. Let t be o(1). Suppose 0 = 6*l - t*l - n, -l = -2*n. Let j(d) = -d. Let c(a) = 4*a + 5. Let q(w) = -c(w) - 3*j(w). What is q(l)?
-5
Suppose -c = c - 4. Suppose c*v + 2*v - 3*y + 13 = 0, -y = -5*v - 19. Let s = 8 + v. Let g(w) = w**2 - 6*w + 2. Determine g(s).
-6
Suppose 3*r - 2*r = 2. Suppose 3 = -t - r. Let d(h) = 3*h**2 + 6*h - 2. Let v(m) = 13*m**2 + 24*m - 9. Let z(w) = 9*d(w) - 2*v(w). What is z(t)?
-5
Let c(n) = -n**3 + 6*n**2 - 2*n - 2. Suppose 0 = -4*q + 3*q + 2. Determine c(q).
10
Let p(o) = 0*o + 2*o + 33*o**2 - 3 - o**3 - 2 - 39*o**2. What is p(-6)?
-17
Let f(a) = 8 - 1 - 4 + 11 + a. Give f(-7).
7
Let v(m) = -7*m**2 + 2*m - 3. Let w(f) = f**2 + 1. Let n(i) = -v(i) - 4*w(i). What is n(2)?
7
Let s(t) = 3*t - 2. Let j = 22 + -13. Let w = j - 6. Give s(w).
7
Let o(z) = 12*z + 43. Let y(s) = 8*s + 28. Let a(r) = -5*o(r) + 8*y(r). Give a(-6).
-15
Let r(x) be the second derivative of 3*x**3 + x**2/2 - 13*x. Give r(1).
19
Let s(p) = -p**3 + 2*p**2 - p - 1. Let z be (-1 - (-6)/(-2))/(-2). Determine s(z).
-3
Let m(u) = -u**3 - 2*u**2 - 2*u - 3. Let r(f) be the first derivative of 1/2*f**2 - 2 + 2/3*f**3 - 1/4*f**4 + 3*f. Let h be r(3). Calculate m(h).
12
Let s be -5*9*(-1)/5. Let k(q) = -5*q + q + 8*q. Let v(b) = -b. Let y(d) = s*v(d) + 2*k(d). Determine y(4).
-4
Let z(r) = r**3 + 5*r**2 + r - 8. Let v(j) = -j**2 + 1. Let w(d) = -5*v(d) - z(d). Determine w(0).
3
Let v(n) be the third derivative of -n**4/24 + 2*n**3/3 - 15*n**2. What is v(4)?
0
Let o be ((-2)/(-2))/(0 + 1). Let a(n) be the first derivative of 10/3*n**3 - n**2 + 5 + n. Determine a(o).
9
Let c(w) be the second derivative of w**5/20 + w**4/4 + w**3/6 - w. Suppose 37 = 2*x + 4*v + v, -3*v + 39 = 4*x. Suppose 2*z = 4 - x. Determine c(z).
1
Let l(m) = -15*m**3 - m + 1. Let a(z) = z**2 - 9*z + 21. Let h be a(4). Determine l(h).
-15
Suppose 4*g = 14 - 6. Let s(f) = f - 2*f**2 + f**2 - 4 + 2*f**g. Determine s(0).
-4
Suppose -5*h + 0*h + 67 = -2*z, -61 = 2*z - 3*h. Let m(j) = -9*j + 17. Let l(s) = -2*s + 4. Let n(k) = z*l(k) + 6*m(k). What is n(2)?
-6
Suppose 2*l - 33 = -l. Let n(m) = 13*m**2 + 11*m + 4. Let s(i) = 7*i**2 + 6*i + 2. Let g(r) = l*s(r) - 6*n(r). Let j be 1*(0/1)/3. Determine g(j).
-2
Let r = 5 + -17. Let n be (63/r)/((-1)/4). Suppose 0 = 5*j, 5*j - n = -4*f - 1. Let x(l) = l**3 - 6*l**2 + 3*l + 3. Calculate x(f).
-7
Let k(q) = -3 + 2*q**2 - 3*q**2 - 6*q + q. Suppose m + 2*d - 16 = 0, 0*m + 88 = 3*m - 4*d. Let b = m + -28. Give k(b).
1
Let z = 5 - 6. Let o be (3/(z - -4))/(-1). Let i(b) = 8*b**3 - 6*b**2 - 6*b + 5. Let a(k) = -k**2 - k + 1. Let v(f) = -6*a(f) + i(f). What is v(o)?
-9
Let l(p) be the second derivative of -5*p**4/6 - p**3/3 + p**2/2 - 2*p. Determine l(1).
-11
Let r(j) be the third derivative of j**5/60 - j**4/4 + 5*j**3/6 - 14*j**2. Give r(6).
5
Let l be 4/10 - (-13)/5. Let n(k) be the second derivative of k**3/6 - k**2 + 6*k. Determine n(l).
1
Let u(l) = 17 + 4*l - 11 + 3*l**2 + l**3 + l**2. Determine u(-4).
-10
Let a(k) = 2*k - 4. Let g = 25 + -11. Let x = 20 - g. Determine a(x).
8
Suppose -5*g + 5 = d, -4*d = -5*g - 0 + 5. Let c(w) = 18*w**2 + 20*w - 20. Let a(y) = 6*y**2 + 7*y - 7. Let v(s) = 17*a(s) - 6*c(s). Give v(g).
-6
Let q(k) = k**2 + 6*k - 5. Let z be q(-6). Let c(f) be the second derivative of -5/6*f**3 + 0 + f - 1/12*f**4 + 0*f**2. Calculate c(z).
0
Let p be -1*((4 - 1) + -2). Let n be 13 + 0 + (-32)/16. Let j(i) = -n*i**3 - 13*i**3 + 25*i**3 + i**2. Determine j(p).
0
Let p(t) = 12*t + 1. Let d = -16 + 15. What is p(d)?
-11
Let u(h) = -h - 5. Suppose 0 = z - 5*z + 16. Suppose -z*x - q - 32 = 2*q, -2*q - 18 = 2*x. Determine u(x).
0
Let h(u) = -u**3 - 5*u**2 - 4*u + 3. Let j(v) = v + v**2 - 1 + v**3 - 2*v + 4*v**2. Let f be j(-3). Suppose 5*i + 0 = -f. Give h(i).
3
Let k(u) = u**3 - 4*u**2 + 5*u - 2. Let m be k(3). Suppose 4*d - 8*d + m = 0. Let t(x) = 11*x**2 + 1. Calculate t(d).
12
Let a(m) = -2*m + m**2 - 4 + 6 - 1. Suppose -y + 3 = 1. Calculate a(y).
1
Let a(i) = -i - 1. Let o be a(-2). Let b(y) = 18 + 7*y - 18 - 4*y. Calculate b(o).
3
Let c(p) = -5. Let s(z) = 7. Let y(t) = 8*c(t) + 5*s(t). Let i(q) = -q - 24. Let j(u) = -2*i(u) + 11*y(u). Calculate j(5).
3
Let z(x) = 7*x**2 - 1. Suppose 3*k - 3*i - 12 = 0, 3*k = 3*i - 4*i + 8. Let a(g) = -k - g + 0*g + 2*g. Let t be a(2). Determine z(t).
6
Suppose -9*i = -11*i + 4. Let d(y) = -7*y + 1. Give d(i).
-13
Let g(y) = -y**3 + 5*y**2 - 4*y - 3. Let p be 10 - (5 + 3/(-1)). Let l = p + -4. Give g(l).
-3
Suppose 3 = 3*f - 2*x, -4*f - 2*x + 4 = -4*x. Let v = f + -1. Suppose 3*c = -12, -2*d - 12 = 4*c - v. Let p(z) = 2*z**3 - 4*z**2 + 2*z + 1. Determine p(d).
5
Let j(c) be the second derivative of -c**3/3 - 3*c**2/2 - 2*c. Calculate j(-4).
5
Let b(c) = c**2 - c + 3. Suppose -2*g + g - 22 = 5*u, 3*g = 4*u + 29. What is b(g)?
9
Let d(p) = 5*p**2 + 4*p - 7. Let z(n) = -11*n**2 - 8*n + 15. Let b(g) = 9*d(g) + 4*z(g). Calculate b(-5).
2
Let t(o) = 3*o - 7. Let w(a) be the first derivative of -a - 7/2*a**2 + 1 - 1/3*a**3. Let l be w(-6). Determine t(l).
8
Let g(o) = 5*o + 0*o**2 - 8*o**2 + o**3 + 9 + o**2 - 1. What is g(6)?
2
Let q(n) = 2*n**2 - 3*n + 3. Let x(m) = -m**2 - 3*m. Let h be (1/2)/((-2)/8). Let b be x(h). Suppose 4 = a + b. Give q(a).
5
Suppose -2 = 2*m, 3*m - 188 = 3*x + 2*m. Let g be x/12 + (-1)/(-4). Let t(l) be the second derivative of l**5/20 + 5*l**4/12 + 3*l**2 + 11*l. Give t(g).
6
Suppose -3*b + 2*g + 0*g = -63, -2*b + 5*g = -53. Suppose -5*t - 44 + b = 0. Let m(p) = 2*p + 7. Calculate m(t).
-3
Let s(f) = f**3 + 5*f**2 + 2*f. Let h = 6 + -8. Calculate s(h).
8
Let v(w) = 5*w - 2. Let p(t) = 2*t - 1. Let j(s) = 7*p(s) - 3*v(s). Give j(-4).
3
Suppose 0 = 5*t - 0*p + 4*p - 30, -2*t + 25 = -p. Suppose -5*b + 15 = -t. Let k(y) = 11*y + 9. Let v(m) = 5*m + 4. Let i(f) = 4*k(f) - 9*v(f). Give i(b).
-5
Let j(m) = m + 1. Let p(f) = 2 - 8*f + 2*f + 2*f - 2*f. Let w(i) = 5*j(i) + p(i). Determine w(6).
1
Let r(i) = -2*i - 2*i**3 + 3*i**3 - 1 + 3*i**2 - 2*i**2. Calculate r(-2).
-1
Let y be 6 - (-2)/4*-2. Let z(l) = 5*l + 27 + y*l + 10*l. Let t(f) = -7*f - 9. Let p(x) = 17*t(x) + 6*z(x). Determine p(-4).
5
Let p(h) = h**2 + 2*h - 6. Let b(w) = w**3 + 7*w**2 + 4*w + 32. Let n be b(-7). Give p(n).
18
Let w(a) = -5*a. Let l be (-185)/(-35) + (-4)/14. Suppose -l*q - 1 = -3*q - r, -1 = -4*q + r. Give w(q).
-5
Let l(g) = -g**3 - 5*g**2 - 3*g - 3. Let q = -34 - -30. Calculate l(q).
-7
Let f = 5 - 1. Let c(n) = -n - 11 + 6 + n**3 - 4*n**2 + 9. Give c(f).
0
Let t(s) = s**3 - 7*s**2 + 0*s**3 - 2*s**3 - 9*s - 5. Let g(c) = 7*c**3 + 2*c**2 + c. Let w be g(-1). What is t(w)?
13
Let k(s) be the second derivative of -s**7/420 + s**6/180 + s**5/120 + 5*s**3/6 + 4*s. Let h(o) be the second derivative of k(o). Calculate h(-1).
3
Let v(r) = -r**2 + r + 3. Suppose -7*z = -2*z - 35. Suppose -z*b = -2*b. Determine v(b).
3
Let x = 93 - 97. Let y(l) be the second derivative of l**6/360 + l**5/30 + l**4/24 + l**3/6 + l. Let d(g) be the second derivative of y(g). What is d(x)?
1
Let m(x) = -x - 9. Let q be m(-11). Suppose 6*h = q*h. Let u(p) = p**3 + p**2 + p - 6. What is u(h)?
-6
Let t(x) = 4*x + 1. Let u(n) = -9*n - 1. Let r(m) = -7*t(m) - 3*u(m). Determine r(0).
-4
Let n(p) = p**3 - 3*p**2 - p. Let w = 1 - -2. Let z(t) = t**2 - 3*t + 3. Let x be z(w). Determine n(x).
-3
Let l(d) = -3*d + 11. Let z(i) = -i + 4. Let h(x) = 4*l(x) - 11*z(x). Calculate h(3).
-3
Let x(r) = 2*r**2 - 3*r - 2. Let d(p) = -3*p**2 + 4*p + 3. Let i(q) = 3*d(q) + 4*x(q). Calculate i(3).
-8
